= t, 5*t - 555 = 4*f. What are the prime factors of t?
5, 23
Suppose -3*o = 2*g - 36, 3*o + 0*o + g = 33. Let l(z) = z**2 - 7*z - 18. Let t be l(o). Let d = 22 + t. List the prime factors of d.
2, 17
Suppose 95 = 6*y + 29. Let f be y + -8 - (1 - 3). Let h(i) = i**3 - 4*i**2 - 5. What are the prime factors of h(f)?
2, 5
Suppose -16 = 9*f - 13*f. Let z be 6 + 12/f*-1. Suppose 4*o + z*h - 172 - 12 = 0, -2*o - 3*h + 92 = 0. List the prime factors of o.
2, 23
Suppose 513*u = 504*u + 45. Suppose 0 = w + u*h - 1492 + 246, 4*w + 2*h = 4948. List the prime factors of w.
2, 3, 103
Suppose 30*w - 26*w - 5544 = 4*u, -w - u = -1396. Let i = w - 934. What are the prime factors of i?
457
Let k = -18 + 31. Suppose 7*s + 73 = 73. Suppose k*n - 3*n - 1320 = s. What are the prime factors of n?
2, 3, 11
Let s = 12935 - 9495. List the prime factors of s.
2, 5, 43
Suppose 20335 = 5*p - 2*g, -5*p - 18*g = -15*g - 20335. What are the prime factors of p?
7, 83
List the prime factors of ((-575968)/(-123) + 30)/(4/30).
5, 7069
Let z be 7*1 + 39/(117/(-6)). Let q = -211 + 458. Suppose q = 2*o - 5*r + 47, 3*o - z*r - 300 = 0. List the prime factors of o.
2, 5
Let h(a) = -2*a**2 + 24*a. Suppose -35 = 9*z - 4*z. Let w(o) = -o**2 + 12*o. Let x(b) = z*w(b) + 4*h(b). List the prime factors of x(5).
5, 7
Let b(u) = -60*u - 66. Let r be b(-4). Suppose -r = -i + 207. List the prime factors of i.
3, 127
Let w(l) = -l**2 + 4*l + 12. Let i be w(6). Suppose i = -13*k + 3*k + 2970. List the prime factors of k.
3, 11
Let w(h) = 9*h**2 + 74*h + 2582. What are the prime factors of w(-39)?
5, 2677
Let o be ((-2)/12)/((-5)/210). Let a = o + 171. List the prime factors of a.
2, 89
What are the prime factors of (21403450/75)/(-29)*-9?
2, 3, 29, 509
Let l(s) = -137*s**3 - 11*s**2 - 42*s + 16. List the prime factors of l(-5).
2, 3, 1423
Let v(s) be the first derivative of s**2/2 + 13*s + 1. Let w be v(-8). Suppose w*o = -3*t + 55, -2*o - 9 = -5*t + 62. What are the prime factors of t?
3, 5
Let n(s) = 1145*s**2 - 100*s + 15. List the prime factors of n(3).
2, 3, 5, 167
Suppose 18*j = 15*j - 3, 3*j = 5*n - 45633. List the prime factors of n.
2, 3, 13
Let j(g) = g**3 + 2*g**2 - 6. Let n be j(4). Let w = n - -32. List the prime factors of w.
2, 61
Suppose y - 234 = 196. What are the prime factors of (444/(-10))/((-86)/y)?
2, 3, 37
Let s(d) = 2*d**3 - 13*d**2 + 7*d - 9. Let p be s(6). Let h = p - -3. Suppose -3*j + 81 = -2*j + 3*w, 3*j + 2*w - 278 = h. What are the prime factors of j?
2, 3
Let a = 273 + -274. List the prime factors of 2/a*((-23532)/24 - -6).
1949
Suppose 0 = 32*n + 34*n - 43*n - 150811. What are the prime factors of n?
79, 83
Let o(p) = p**3 + 13*p**2 + 12*p + 4. Let v be o(-12). What are the prime factors of (v/2 + 307)*280/105?
2, 103
Suppose -11*o = 123 + 141. List the prime factors of 8*(-1)/(o/927).
3, 103
Let l(t) = -9*t + 3. Let z(h) = h. Let u(g) = -3*l(g) - 6*z(g). Let v = 3824 + -3822. What are the prime factors of u(v)?
3, 11
Let g = -454 + 1303. Suppose 4*y - g = 3*i, 2*y = -3*i + 72 + 339. Suppose -7*t + y + 35 = 0. What are the prime factors of t?
5, 7
Let b(r) = r**2 + 48*r - 37*r - 53 - 21 + 6. What are the prime factors of b(-22)?
2, 3, 29
Let a(w) = 1. Let n(b) = -b**2 - 2*b - 7. Let r(k) = -6*a(k) - n(k). Let d be r(0). Let q(g) = 214*g**2 + g + 1. What are the prime factors of q(d)?
2, 3
Let s(d) = d**2 + 19*d + 6. Let h be 4*(-9 - 1 - (-10 - -7)). Let b be h/35*25/1. What are the prime factors of s(b)?
2, 13
Let l(y) be the first derivative of -368*y**2 + 37*y - 42. List the prime factors of l(-1).
773
Let v = -1642 - -12084. What are the prime factors of v?
2, 23, 227
What are the prime factors of 3/7 - 77453352/(-3339)?
23197
Let m(q) = q**3 - 1 - 5*q**2 - 550*q + 6*q**2 + 547*q. List the prime factors of m(6).
233
Suppose 2*q + 49*m - 165 = 52*m, -q + 2*m + 81 = 0. List the prime factors of q.
3, 29
Let k(y) = 21*y + 25. Let h be k(4). Let r = h + -75. What are the prime factors of (r/(-6))/((-7)/(-21))*-1?
17
List the prime factors of (-795 - -1)/((-1308)/4905 + 2/(-15)).
5, 397
What are the prime factors of (((-2)/(-3))/(14/105))/(1/4586)?
2, 5, 2293
Let b(h) = -890*h - 2389. List the prime factors of b(-24).
61, 311
Let x = 3981 + 3271. What are the prime factors of x?
2, 7, 37
Let v = 70510 + -9953. List the prime factors of v.
7, 41, 211
Let t = 187 + -69. Let y = t + 51. List the prime factors of y.
13
Let t(v) = 11*v**2 + 44*v + 3. Let l(z) = -z**2 - 24*z + 56. Let g be l(-26). What are the prime factors of t(g)?
5, 71
Let m(u) = 2*u + 13 - 27*u**2 + 23*u**2 + 3*u**2 - u**3 + 14*u**2. List the prime factors of m(8).
349
Let z(v) = 3*v**2 - 28*v + 187. What are the prime factors of z(-37)?
2, 5, 13, 41
Let z(b) = -4*b**2 - 6*b - 39. Let c be z(-7). Let j = 559 + c. List the prime factors of j.
2, 3, 61
Let c be ((-9)/3 - -3)*2/4. Suppose -140 = -4*k + 5*v, -124 = -4*k - c*v + v. List the prime factors of (-2906)/(-30) + 4/k.
97
Let v(l) = 5*l**2 + 13*l - 13. Let m be v(6). Let n = m + 65. Suppose -n = -2*g - 0*g. What are the prime factors of g?
5, 31
Let x(r) = 34*r**2 - 85*r - 3386. List the prime factors of x(-30).
2, 7, 1063
Suppose -2*d + 16 = -4*k, 3*d - 2*d - 17 = 5*k. Suppose 2*b = -8, 3*i + 874 = 6*i + 5*b. List the prime factors of -1 + i/(0 + d).
2, 37
Suppose 3*z = -0*z + 6. Let o(q) = -4 - 2*q - 112*q**z + 141*q**2 - 3. What are the prime factors of o(-2)?
113
Let z = -10910 - -21481. What are the prime factors of z?
11, 31
Let s(d) = 20*d**2 + 5*d + 4. Let f(a) = -8*a**2 + 3*a + 3. Let y be f(3). Let z = 58 + y. What are the prime factors of s(z)?
2, 37
Let c(r) = 2716*r - 249. What are the prime factors of c(9)?
3, 5, 1613
Suppose -36 - 20 = 7*v. Let q = v - 86. Let b = q + 207. List the prime factors of b.
113
Let d be 1*(10/2 + -2 - -4). Suppose -d*m + 162 + 391 = 0. List the prime factors of m.
79
Let z be 1/((-8202)/1368 - -6). Let b = z + 60. List the prime factors of b.
2, 3
Let d(s) be the second derivative of 2*s**4 - s**3/6 - 3*s**2 + 18*s. Let j be d(-2). Suppose -3*q + j = -i, -q + i + 16 = -14. List the prime factors of q.
31
Let s = 154 - -32. What are the prime factors of -3 + s/66 - (-25695)/55?
467
List the prime factors of (-2 - 8791)*2/(-3) + -135 + 131.
2, 29, 101
Let f be (-32665)/799 - 1*(-2)/(-17). Let b = f + 125. List the prime factors of b.
2, 3, 7
Suppose -11*o - 8*o - 190 = 0. What are the prime factors of o/135*3 - (-50414)/63?
2, 5
Let a be ((-160)/12)/(6/(-9)). Let d be 1*1*-35*a/50. Let s = 103 + d. What are the prime factors of s?
89
Let i(x) = 3*x - 119. Let c be i(85). Suppose -1002 = -3*a - 3*k, 0 = -a + 3*k + 129 + 189. Let j = a - c. List the prime factors of j.
2, 97
What are the prime factors of (-88718)/(-7) + (-8)/(-88)*0?
2, 6337
Let h(m) be the first derivative of 2*m**2 - 32*m + 4. Let d be h(7). What are the prime factors of 87/(((-1)/2)/(2/d))?
3, 29
Let x(l) = -l**2 - 6*l - 5. Let d be x(-2). Suppose 2*i - 125 + 26 = -h, d*h = -i + 277. List the prime factors of h.
7, 13
Let x(i) = 2*i**3 - 4*i**2 - 7*i - 7. Let m = -119 - -189. Let g = m + -65. List the prime factors of x(g).
2, 3
Suppose 2*n - 669*o + 670*o = 16181, 24289 = 3*n + 5*o. List the prime factors of n.
2, 3, 337
Suppose -4*u = u + 20. Let c be (-1002)/(-66) - u/(-22). List the prime factors of 1281/c + 2/(-5).
5, 17
Let a = 16550 + -8739. List the prime factors of a.
73, 107
List the prime factors of (-114)/(-4)*(15 + 39870/30).
2, 3, 7, 19
Suppose 5440 = 4*k + 2*m - 9050, 5*k = 4*m + 18093. List the prime factors of k.
3, 17, 71
Suppose 5*f = 5, 4*f + 182 = 4*j + 2*f. Suppose j*k + 1044 = 52*k. What are the prime factors of k?
2, 3, 29
Let i be (-1)/(-2) + (-2077)/62. Suppose 0 = 2*h + 4 + 70. Let s = i - h. What are the prime factors of s?
2
Let j be 2/8*-10*1*2. List the prime factors of (8289/(-135))/(1/j).
307
Suppose -c - 3*z = -75974, 2*z + 227878 = -314*c + 317*c. What are the prime factors of c?
2, 19, 1999
Let g = 82316 + -25822. What are the prime factors of g?
2, 47, 601
Suppose 3*o = 2*v - 30403 - 69252, -3*v - o + 149466 = 0. List the prime factors of v.
49823
Let j = -12 + 29. Suppose -3*h = -g + j, -3*g = 2*g + 3*h - 49. Suppose 14*b - 138 = g*b. What are the prime factors of b?
2, 23
Suppose 3*r + 651 - 198